
44
Calculate the remainder when 154906 is divided by 52.
50
Calculate the remainder when 3550 is divided by 395.
390
What is the remainder when 5027 is divided by 1003?
12
What is the remainder when 16453 is divided by 288?
37
Calculate the remainder when 10203 is divided by 1430.
193
What is the remainder when 512628 is divided by 839?
838
Calculate the remainder when 138043 is divided by 493.
3
What is the remainder when 55491 is divided by 27745?
1
What is the remainder when 366796 is divided by 508?
20
What is the remainder when 22078 is divided by 60?
58
Calculate the remainder when 11775 is divided by 1157.
205
What is the remainder when 3579 is divided by 25?
4
What is the remainder when 183964 is divided by 511?
4
What is the remainder when 38663 is divided by 11?
9
What is the remainder when 1687 is divided by 94?
89
Calculate the remainder when 2144 is divided by 339.
110
What is the remainder when 7312 is divided by 197?
23
What is the remainder when 2088 is divided by 2040?
48
Calculate the remainder when 15592 is divided by 333.
274
What is the remainder when 4859168 is divided by 497?
496
Calculate the remainder when 5302 is divided by 506.
242
Calculate the remainder when 15990 is divided by 1973.
206
What is the remainder when 350301 is divided by 1068?
1065
What is the remainder when 8708 is divided by 106?
16
Calculate the remainder when 39046 is divided by 889.
819
What is the remainder when 3281 is divided by 298?
3
What is the remainder when 348665 is divided by 19?
15
Calculate the remainder when 565667 is divided by 114.
113
Calculate the remainder when 97243 is divided by 444.
7
Calculate the remainder when 1362 is divided by 356.
294
What is the remainder when 21596 is divided by 51?
23
What is the remainder when 40744 is divided by 256?
40
What is the remainder when 158670 is divided by 22665?
15
Calculate the remainder when 620458 is divided by 3.
1
What is the remainder when 2351 is divided by 337?
329
Calculate the remainder when 101634 is divided by 1783.
3
Calculate the remainder when 239555 is divided by 3327.
11
Calculate the remainder when 3489 is divided by 1268.
953
What is the remainder when 31746 is divided by 63?
57
Calculate the remainder when 546102 is divided by 1670.
12
What is the remainder when 7810 is divided by 357?
313
What is the remainder when 5159 is divided by 641?
31
What is the remainder when 18477 is divided by 33?
30
What is the remainder when 2127935 is divided by 105?
5
Calculate the remainder when 37452 is divided by 82.
60
Calculate the remainder when 1906 is divided by 1846.
60
Calculate the remainder when 13174 is divided by 98.
42
Calculate the remainder when 22076 is divided by 391.
180
Calculate the remainder when 2975692 is divided by 11.
5
Calculate the remainder when 1564 is divided by 75.
64
Calculate the remainder when 27048 is divided by 8948.
204
What is the remainder when 60569 is divided by 7?
5
What is the remainder when 25359 is divided by 425?
284
Calculate the remainder when 13837 is divided by 80.
77
What is the remainder when 35529 is divided by 345?
339
What is the remainder when 827 is divided by 192?
59
What is the remainder when 5883 is divided by 73?
43
What is the remainder when 2187 is divided by 93?
48
What is the remainder when 39740 is divided by 6623?
2
Calculate the remainder when 15711 is divided by 3142.
1
What is the remainder when 12010 is divided by 143?
141
What is the remainder when 2603 is divided by 288?
11
Calculate the remainder when 5456 is divided by 42.
38
Calculate the remainder when 44890 is divided by 220.
10
What is the remainder when 1086016 is divided by 57?
52
What is the remainder when 53526 is divided by 66?
0
Calculate the remainder when 2990 is divided by 242.
86
What is the remainder when 79841 is divided by 478?
15
What is the remainder when 46163 is divided by 1707?
74
What is the remainder when 10973 is divided by 125?
98
What is the remainder when 1576 is divided by 12?
4
Calculate the remainder when 9278 is divided by 31.
9
Calculate the remainder when 355179 is divided by 7248.
27
What is the remainder when 26053 is divided by 243?
52
Calculate the remainder when 31857 is divided by 741.
735
What is the remainder when 4587 is divided by 761?
21
Calculate the remainder when 8481 is divided by 6903.
1578
Calculate the remainder when 10118 is divided by 253.
251
What is the remainder when 905763 is divided by 861?
852
What is the remainder when 34480 is divided by 50?
30
Calculate the remainder when 69140 is divided by 203.
120
Calculate the remainder when 317499 is divided by 279.
276
Calculate the remainder when 3167 is divided by 44.
43
What is the remainder when 6226 is divided by 3079?
68
Calculate the remainder when 9365 is divided by 860.
765
Calculate the remainder when 4062 is divided by 529.
359
Calculate the remainder when 11260 is divided by 4655.
1950
Calculate the remainder when 1472 is divided by 128.
64
Calculate the remainder when 473846 is divided by 810.
806
Calculate the remainder when 14015 is divided by 57.
50
What is the remainder when 2373 is divided by 2105?
268
Calculate the remainder when 329943 is divided by 77.
75
Calculate the remainder when 1667 is divided by 11.
6
What is the remainder when 5706 is divided by 68?
62
What is the remainder when 691458 is divided by 115242?
6
What is the remainder when 14979 is divided by 384?
3
Calculate the remainder when 15193 is divided by 137.
123
Calculate the remainder when 11085 is divided by 5534.
17
Calculate the remainder when 12031 is divided by 3867.
430
Calculate the remainder when 9131 is divided by 9124.
7
Calculate the remainder when 22537 is divided by 135.
127
What is the remainder when 3286 is divided by 913?
547
What is the remainder when 85987 is divided by 17179?
92
Calculate the remainder when 22527 is divided by 434.
393
What is the remainder when 58361 is divided by 28977?
407
Calculate the remainder when 4598 is divided by 1524.
26
Calculate the remainder when 192137 is divided by 306.
275
What is the remainder when 1799 is divided by 434?
63
Calculate the remainder when 186595 is divided by 541.
491
Calculate the remainder when 54957 is divided by 152.
85
What is the remainder when 36982 is divided by 257?
231
What is the remainder when 347 is divided by 176?
171
Calculate the remainder when 19095 is divided by 602.
433
What is the remainder when 1434 is divided by 180?
174
Calculate the remainder when 11540 is divided by 1775.
890
What is the remainder when 10327 is divided by 94?
81
What is the remainder when 77 is divided by 52?
25
What is the remainder when 1519660 is divided by 272?
268
What is the remainder when 6058 is divided by 5?
3
Calculate the remainder when 1371 is divided by 347.
330
What is the remainder when 155709 is divided by 96?
93
Calculate the remainder when 1881 is divided by 1881.
0
Calculate the remainder when 4405 is divided by 478.
103
Calculate the remainder when 622275 is divided by 1199.
1193
Calculate the remainder when 40891 is divided by 2.
1
Calculate the remainder when 62007 is divided by 369.
15
What is the remainder when 51276 is divided by 3016?
4
What is the remainder when 2901 is divided by 400?
101
What is the remainder when 38733 is divided by 1252?
1173
Calculate the remainder when 8501 is divided by 8494.
7
What is the remainder when 691 is divided by 394?
297
Calculate the remainder when 1074855 is divided by 482.
477
Calculate the remainder when 708165 is divided by 20828.
13
What is the remainder when 22767 is divided by 321?
297
Calculate the remainder when 217900 is divided by 995.
990
What is the remainder when 1065050 is divided by 27?
8
What is the remainder when 21872 is divided by 277?
266
Calculate the remainder when 99722 is divided by 867.
17
What is the remainder when 9446 is divided by 2343?
74
Calculate the remainder when 2646 is divided by 326.
38
What is the remainder when 10783 is divided by 323?
124
What is the remainder when 4304 is divided by 590?
174
What is the remainder when 6575 is divided by 655?
25
Calculate the remainder when 1660 is divided by 73.
54
Calculate the remainder when 865588 is divided by 946.
944
What is the remainder when 221 is divided by 136?